7*w**2 + 13*w + 12. Give l(-8).
-28
Let t(z) = z**3 + 8*z**2 + 7*z + 11. Determine t(-6).
41
Let a(h) = -3*h - 2. Calculate a(-6).
16
Let y(b) = b**2 + 4*b - 2. What is y(-2)?
-6
Let q(i) = 5*i - 85. Calculate q(20).
15
Let w(b) = b**2 - 10*b + 11. Determine w(11).
22
Let j(o) = -2*o**3 - 25*o**2 + 11*o - 9. Calculate j(-13).
17
Let u(f) = 54*f**2 + 2*f + 3. What is u(-2)?
215
Let i(l) = l**2 - 6. Give i(0).
-6
Let m(o) = o**2 - 12*o + 15. What is m(10)?
-5
Let l(b) = -b**2 + 4*b. Give l(5).
-5
Let s(b) = -2*b**2 - 33*b - 19. Calculate s(-16).
-3
Let b(g) = 26*g + 7. Give b(-3).
-71
Let w(r) = r**2 - 10*r + 17. What is w(8)?
1
Let m(i) = -3*i**2 + 4*i - 17. Give m(3).
-32
Let f(d) = -d**3 - 3*d**2 + 3*d - 6. Determine f(-4).
-2
Let w(o) = o**2 - 10*o + 15. What is w(9)?
6
Let i(g) = -g**3 - 6*g**2 + 2*g + 23. What is i(-6)?
11
Let v(w) = -6*w - 2. Calculate v(-3).
16
Let u(q) = 57*q - 739. What is u(13)?
2
Let m(j) = -3*j**2 + 11*j - 4. Determine m(4).
-8
Let m(a) = a**2 + 5*a + 2. Determine m(0).
2
Let l(p) = -4*p**2 - 62*p + 39. What is l(-16)?
7
Let g(y) = -17*y + 264. What is g(15)?
9
Let b(c) = -3*c - 119. What is b(-39)?
-2
Let t(u) = -64*u - 5. Give t(-1).
59
Let q(a) = -a + 15. What is q(11)?
4
Let d(g) = 5*g**2 + 20*g - 12. Calculate d(-6).
48
Let o(a) = 21*a - 417. Determine o(20).
3
Let x(u) = -u**3 + 3*u**2 + 2*u - 12. Determine x(2).
-4
Let g(s) = s**2 - 14*s - 15. Calculate g(14).
-15
Let y(l) = -4*l**2 + 53*l - 6. Determine y(13).
7
Let d(i) = i**2 + 13*i + 15. What is d(-10)?
-15
Let y(h) = 8*h + 30. What is y(-23)?
-154
Let v(c) = -2*c**3 + 6*c**2 + 8*c - 30. Give v(3).
-6
Let w(k) = 4*k**3 + 2*k**2 + k - 3. Give w(3).
126
Let h(d) = 5*d - 9. What is h(-12)?
-69
Let k(v) = 50*v + 160. Determine k(-3).
10
Let i(y) = -y**3 - y**2 - 4. Calculate i(-3).
14
Let x(l) = l**3 - 21*l + 38. Determine x(2).
4
Let h(i) = -7*i**3 + i**2 - i. Give h(-2).
62
Let i(t) = t**2 + 9*t + 16. What is i(-5)?
-4
Let s(l) = l**3 - l**2 + 5*l + 7. Determine s(-3).
-44
Let x(z) = -z**2 + 7*z - 5. What is x(5)?
5
Let q(f) = -f**3 - 16*f**2 - 58*f - 19. Determine q(-11).
14
Let r(w) = 3*w**2 - 28*w - 16. Calculate r(10).
4
Let o(z) = z**3 - 7*z**2 - 25*z - 39. Calculate o(10).
11
Let s(k) = -k**2 - 12*k - 23. Determine s(-9).
4
Let t(g) = -g**3 + 8*g**2 - 18*g + 8. Give t(5).
-7
Let f(p) = p**2 - 20*p + 82. Determine f(15).
7
Let w(q) = -q**3 - 8*q**2 - 12*q - 11. What is w(-6)?
-11
Let r(v) = -12*v + 635. What is r(54)?
-13
Let i(f) = 9*f + 20. Determine i(-8).
-52
Let y(c) = -2*c**3 + 9*c**2 + 3*c. Give y(5).
-10
Let c(y) = y**2 + 20*y - 40. Determine c(-22).
4
Let n(r) = -3*r**2 - 3*r + 12. What is n(2)?
-6
Let o(f) = f**2 - 16*f + 14. Give o(16).
14
Let l(v) = -v - 12. Determine l(-13).
1
Let h(z) = z + 12. Give h(-7).
5
Let l(o) = o**3 - 6*o**2 + 6*o - 8. What is l(5)?
-3
Let o(b) = -b**2 - 5*b + 5. Determine o(-7).
-9
Let j(l) = 5*l - 7. Calculate j(6).
23
Let b(f) = f**3 - 5*f**2 + 5*f - 8. What is b(5)?
17
Let j(h) = -3*h**2 + 4*h. Calculate j(-2).
-20
Let w(b) = -9*b - 339. Calculate w(-37).
-6
Let i(b) = -b + 64. Give i(0).
64
Let a(n) = -2*n**2 - 15*n - 24. What is a(-4)?
4
Let x(w) = 4*w - 34. Give x(5).
-14
Let v(x) = x**3 - 16*x**2 + 14*x + 1. Give v(15).
-14
Let q(p) = p**2 - p - 1. Calculate q(-6).
41
Let l(x) = -x**3 + 7*x**2 - 5*x - 2. Give l(6).
4
Let p(r) = -r**3 - 22*r**2 - 43*r - 60. Calculate p(-20).
0
Let y(a) = -a**3 - 7*a**2 - 2*a. Determine y(-5).
-40
Let a(z) = z**2 + 12*z + 6. Calculate a(-8).
-26
Let s(q) = q**3 + 34*q**2 + 62*q - 55. Determine s(-32).
9
Let h(y) = y**2 + 5*y - 3. Calculate h(-9).
33
Let h(m) = m**3 + 2*m**2 - 2*m. Calculate h(-2).
4
Let j(d) = -2*d**2 - d - 4. Give j(-1).
-5
Let r(i) = -2*i**2 + 5*i - 5. Determine r(2).
-3
Let s(c) = -c**2 + 8*c. What is s(9)?
-9
Let b(j) = -j**3 - 10*j**2 - 8*j + 11. Calculate b(-9).
2
Let v(u) = -52*u - 1. Calculate v(-2).
103
Let w(t) = t. What is w(-1)?
-1
Let d(x) = 6*x + 7. Give d(1).
13
Let v(p) = 2*p - 27. Determine v(11).
-5
Let j(k) = k**2 - 15*k + 40. Calculate j(4).
-4
Let g(w) = 4*w + 31. Determine g(-14).
-25
Let a(y) = -2*y - 40. Calculate a(-4).
-32
Let v(q) = -q**3 - 7*q**2 - 7*q + 1. What is v(-6)?
7
Let a(t) = 3*t**2 - 20*t - 47. Determine a(-2).
5
Let p(d) = -d**2 - 23*d + 54. Determine p(-25).
4
Let b(p) = 2*p**3 - 27*p**2 - 11*p - 52. Determine b(14).
-10
Let g(o) = o**3 - 14*o**2 - 17*o + 25. Calculate g(15).
-5
Let k(a) = -20*a + 65. Give k(3).
5
Let r(p) = -p**3 - p**2 - 1. What is r(-2)?
3
Let i(q) = q**2 - 3*q - 5. Determine i(-2).
5
Let k(p) = p**3 + 2*p**2 - 3*p + 4. Determine k(-3).
4
Let w(o) = o**2 - 9*o - 49. Determine w(13).
3
Let z(t) = t + 7. What is z(-6)?
1
Let x(n) = -n - 12. What is x(-6)?
-6
Let g(y) = -22*y - 14. Give g(-1).
8
Let r(w) = 2*w**3 - 4*w - 3. Calculate r(-2).
-11
Let k(f) = 2*f**2 + f + 4. What is k(0)?
4
Let i(z) = z**3 + 2. What is i(0)?
2
Let x(h) = -h**2 + 14*h + 12. Calculate x(17).
-39
Let r(i) = 2*i**3 + 31*i**2 - 15*i + 21. Give r(-16).
5
Let r(w) = -w**3 - 2*w - 5. Determine r(-5).
130
Let c(t) = -4*t**3 - 5*t**2 - 7*t - 3. What is c(-2)?
23
Let r(x) = -x - 11. Determine r(-17).
6
Let v(b) = -3*b**2 + 4*b + 4. Calculate v(-3).
-35
Let z(l) = 3*l - 52. Give z(19).
5
Let y(l) = 17*l - 135. What is y(4)?
-67
Let q(h) = h**3 - 5*h**2 + 9*h - 10. Give q(4).
10
Let w(z) = z + 5. Calculate w(0).
5
Let v(a) = -a**3 - 10*a**2 + a + 19. Determine v(-10).
9
Let c(j) = j**2 + j + 1. Calculate c(-1).
1
Let i(h) = -5*h**2 + 21. Give i(4).
-59
Let v(m) = m**2 - 8*m - 6. Determine v(7).
-13
Let c(g) = -9*g**2 - g. Give c(-1).
-8
Let o(w) = -10*w**2 - 6*w - 2. Give o(-1).
-6
Let h(r) = -7*r**2 + 6*r - 2. Calculate h(3).
-47
Let g(r) = 2*r**2 + 10*r. Give g(-9).
72
Let q(t) = 7*t**3 + 3*t**2 - 3*t - 5. Calculate q(-1).
-6
Let k(c) = 48*c**3 + 2*c**2 - 2*c + 1. Give k(1).
49
Let j(h) = 2*h**2 + 11*h - 32. Calculate j(-8).
8
Let w(p) = p + 18. Give w(-21).
-3
Let g(n) = 6*n**3 + 36*n**2 + n + 1. Give g(-6).
-5
Let n(h) = 45*h + 1. Give n(-1).
-44
Let i(s) = s**3 + 7*s**2 + 11*s + 2. Give i(-3).
5
Let h(l) = 36*l**2 - l. Calculate h(1).
35
Let u(z) = -z**3 - 3*z**2 + z. Give u(1).
-3
Let q(h) = -2*h**2 - 10*h - 17. Calculate q(-5).
-17
Let q(n) = -n**2 + 14*n + 5. What is q(12)?
29
Let n(i) = i**3 - 14*i**2 - 2*i + 15. What is n(14)?
-13
Let u(w) = -w**2 + w + 3. What is u(2)?
1
Let d(a) = -a**3 - 3*a**2 - 3*a - 11. Determine d(-7).
206
Let f(r) = r**3 - 3*r**2 - 4*r - 5. Determine f(5).
25
Let q(w) = w**2 - 7*w + 21. Calculate q(5).
11
Let z(o) = o**2 + 3*o - 1. What is z(-9)?
53
Let n(f) = -6*f + 7. Determine n(5).
-23
Let f(p) = 57*p. What is f(-1)?
-57
Let w(r) = -r - 7. What is w(-4)?
-3
Let c(h) = h**2 + 9*h + 8. Calculate c(-1).
0
Let a(n) = n**3 + 3*n**2 + 17*n - 57. What is a(2)?
-3
Let x(o) = 2*o**3 - 2*o**2 + 5*o - 14. Calculate x(2).
4
Let v(t) = -6*t + 7. Calculate v(4).
-17
Let f(a) = -3*a**3 - a**2 - a - 4. Determine f(-2).
18
Let q(t) = t**3 + 15*t**2 + 9*t + 127. Give q(-15).
-8
Let h(p) = p**3 + 16*p**2 + 8*p + 51. Determine h(-15).
156
Let i(q) = q**2 + 15*q - 2. Give i(-14).
-16
Let h(k) = -k**3 - 11*k**2 + 12*k + 5. Give h(-12).
5
Let y(g) = 4*g - 4. Give y(-6).
-28
Let g(y) = 2*y + 12. What is g(-4)?
4
Let m(v) = -v**3 + 7*v**2 + 9*v - 12. Determine m(8).
-4
Let x(k) = -k**3 + 29*k**2 - 54*k - 64. Determine x(27).
-64
Let w(u) = u**2 + 24*u + 76. Calculate w(-19).
-19
Let o(j) = -5*j**2 - 6*j - 9. Calculate o(-2).
-17
Let m(d) = -d + 5. Give m(8).
-3
Let g(a) = -a**2 + 8*a - 14. Give g(5).
1
Let n(j) = j**3 - 7*j**2 + 3*j + 1. Determine n(5).
-34
Let c(t) = -74*t - 2. What is c(-1)?
72
Let c(w) = -7*w + 162. Give c(25).
-13
Let u(z) = -3*z**2 - 10*z - 20. What is u(-3)?
-17
Let l(y) = -13*y + 14. Determine l(2).
-12
Let a(h) = 26*h - 99. Calculate a(3).
-21
Let i(f) = f**3 + f**2 - f - 2. Give i(0).
-2
Let d(v) = v**2 + v - 5. Determine d(4).
15
Let q(c) = 26*c**3 - c**2 + 2*c - 1. Give q(1).
26
Let q(z) = z**2 + 4*z + 4. Determine q(-7).
25
Let k(q) = 2*q**3 + q**2 + 3*q + 3. Determine k(-2).
-15
Let a(o) = 46*o**2 - o + 2. Determine a(-1).
49
Let o(v) = -10*v**2 - 116*v + 54. Determine o(-12).
6
Let i(l) = -l**2 - 34*l - 151. Give i(-5).
-6
Let p(z) = -z**2 + 5*z + 24. Calculate p(11).
-42
Let p(l) = l**